{"id":88,"date":"2015-07-14T13:44:54","date_gmt":"2015-07-14T12:44:54","guid":{"rendered":"http:\/\/www.fredericlecloux.com\/wpfl\/?page_id=88"},"modified":"2020-05-12T08:50:57","modified_gmt":"2020-05-12T07:50:57","slug":"home","status":"publish","type":"page","link":"https:\/\/www.fredericlecloux.com\/en\/","title":{"rendered":"Fr\u00e9d\u00e9ric Lecloux"},"content":{"rendered":"<h4>Fr\u00e9d\u00e9ric Lecloux<\/h4>\n<p>Born in 1972 in Brussels, Belgium.<br \/>\nResides in Nyons, Dr\u00f4me, France. Autodidact.<br \/>\nGraduated with honours from the <a href=\"http:\/\/www.ensp-arles.fr\/\" target=\"_blank\" rel=\"noopener noreferrer\">\u00c9cole Nationale Sup\u00e9rieure de la Photographie<\/a> in Arles (June 2016).<br \/>\nA workshop teacher at the <a href=\"http:\/\/rencontres-arles.com\/\" target=\"_blank\" rel=\"noopener noreferrer\">Rencontres d&#8217;Arles<\/a> (2010-2014), at <a href=\"http:\/\/www.photocircle.com.np\" target=\"_blank\" rel=\"noopener noreferrer\">Photo.circle<\/a> in Kathmandu and at the Maison du Geste et de l&#8217;Image in Paris (2012-2013).<br \/>\nArtist in residence at the University of Nottingham (Leverhulme Trust\u00a0Artist in Residence Grant, 2017).<br \/>\nInvolved from the very beginning into the e-ku project.<br \/>\nFr\u00e9d\u00e9ric Lecloux&#8217;s work is distributed by <a href=\"http:\/\/www.agencevu.com\/photographers\/photographer.php?id=169\" target=\"_blank\" rel=\"noopener noreferrer\">VU&#8217; agency<\/a> and published by <a href=\"http:\/\/www.becair.com\/auteur\/frederic-lecloux\/\" target=\"_blank\" rel=\"noopener noreferrer\">Le Bec en l&#8217;air<\/a>.<\/p>\n<h4><span class=\"normalen\">Statement<\/span><\/h4>\n<p>A photograph. Not just an interesting scene, to be frozen onto a surface: a photograph. One of the images that exist in me, though I don&#8217;t know where, or with what features, to the point where I get a vibration in the real, and the framing scintillates so that the image takes on flesh and matches up with its internal trace, still latent a second earlier.<\/p>\n<p>Except that ordinarily the realness stops vibrating well before I act. Faced with what could become a photograph, I need time. To observe necessity intensifying. To understand. To doubt. To let the image get infused with the knowing. Not to accept it being infused only with a flash of vision. The flash is essential, but I can&#8217;t turn it into a photograph other than by postponing the gesture of execution until life reveals the kind of flash it actually is. It&#8217;s often a fake; in which case, best do nothing. The innocent photographer? That&#8217;s not me. I&#8217;d like it to be the case, but it&#8217;s not. After all that, if I&#8217;m not dissolved in the confrontation, well then yes, I&#8217;ll take the photograph.<\/p>\n<p>What follows is a time of patience, worry, excitement, uncertainty as to whether the camera saw the same thing as me. Not to mention the randomness of chemistry. But I gradually slip into insouciance, and soon stop thinking about it. Then one day the film comes back from the lab in the post. I spread it out on the light table. Among the images that say just what they say, I seek a familiar form. An irradiation. When I find it, I&#8217;m raised up again, with a flash still more decisive than at the moment of pressing the shutter, by a vibration, a trace, a framing of the real, previously recognised, now sanctioned by a sprinkling of silver salts on nine square centimetres of polyester.<\/p>\n<p>A photograph. I see it as an organ transplant. And I immediately recompose myself. Without even having had time to feel the wound, I&#8217;m healing myself. Less infirm now.<\/p>\n<p><a href=\"https:\/\/www.fredericlecloux.com\/en\/biography\/\">https:\/\/www.fredericlecloux.com\/en\/biography\/<\/a><\/p>\n","protected":false},"excerpt":{"rendered":"<p>Fr\u00e9d\u00e9ric Lecloux Born in 1972 in Brussels, Belgium. Resides in Nyons, Dr\u00f4me, France. Autodidact. Graduated with honours from the \u00c9cole Nationale Sup\u00e9rieure de la Photographie in Arles (June 2016). A workshop teacher at the Rencontres d&#8217;Arles (2010-2014), at Photo.circle in Kathmandu and at the Maison du Geste et de l&#8217;Image in Paris (2012-2013). Artist in residence at the University of Nottingham (Leverhulme Trust\u00a0Artist in Residence Grant, 2017). Involved from the very beginning into the e-ku project. Fr\u00e9d\u00e9ric Lecloux&#8217;s work is distributed by VU&#8217; agency and published by Le Bec en l&#8217;air. Statement A photograph. Not just an interesting scene, to [&hellip;]<\/p>\n","protected":false},"author":1,"featured_media":5869,"parent":0,"menu_order":0,"comment_status":"closed","ping_status":"closed","template":"template-homepage.php","meta":{"footnotes":""},"class_list":["post-88","page","type-page","status-publish","has-post-thumbnail","hentry"],"yoast_head":"<!-- This site is optimized with the Yoast SEO plugin v27.4 - https:\/\/yoast.com\/product\/yoast-seo-wordpress\/ -->\n<title>Fr\u00e9d\u00e9ric Lecloux - photographer and author of texts about photography<\/title>\n<meta name=\"description\" content=\"\ufeff\ufeffThe website and the blog of Fr\u00e9d\u00e9ric Lecloux, photographer at VU&#039; Agency, and the author of &quot;L&#039;Usure du Monde&quot; and &quot;Nepal. Epiphanies of the Everyday&quot;.\" \/>\n<meta name=\"robots\" content=\"index, follow, max-snippet:-1, max-image-preview:large, max-video-preview:-1\" \/>\n<link rel=\"canonical\" href=\"https:\/\/www.fredericlecloux.com\/en\/\" \/>\n<meta name=\"twitter:label1\" content=\"Est. reading time\" \/>\n\t<meta name=\"twitter:data1\" content=\"2 minutes\" \/>\n<script type=\"application\/ld+json\" class=\"yoast-schema-graph\">{\"@context\":\"https:\\\/\\\/schema.org\",\"@graph\":[{\"@type\":\"WebPage\",\"@id\":\"https:\\\/\\\/www.fredericlecloux.com\\\/en\\\/\",\"url\":\"https:\\\/\\\/www.fredericlecloux.com\\\/en\\\/\",\"name\":\"Fr\u00e9d\u00e9ric Lecloux - photographer and author of texts about photography\",\"isPartOf\":{\"@id\":\"https:\\\/\\\/www.fredericlecloux.com\\\/#website\"},\"primaryImageOfPage\":{\"@id\":\"https:\\\/\\\/www.fredericlecloux.com\\\/en\\\/#primaryimage\"},\"image\":{\"@id\":\"https:\\\/\\\/www.fredericlecloux.com\\\/en\\\/#primaryimage\"},\"thumbnailUrl\":\"https:\\\/\\\/www.fredericlecloux.com\\\/wpfl\\\/wp-content\\\/uploads\\\/2018\\\/06\\\/dolpobox_116.jpg\",\"datePublished\":\"2015-07-14T12:44:54+00:00\",\"dateModified\":\"2020-05-12T07:50:57+00:00\",\"description\":\"\ufeff\ufeffThe website and the blog of Fr\u00e9d\u00e9ric Lecloux, photographer at VU' Agency, and the author of \\\"L'Usure du Monde\\\" and \\\"Nepal. Epiphanies of the Everyday\\\".\",\"breadcrumb\":{\"@id\":\"https:\\\/\\\/www.fredericlecloux.com\\\/en\\\/#breadcrumb\"},\"inLanguage\":\"en-US\",\"potentialAction\":[{\"@type\":\"ReadAction\",\"target\":[\"https:\\\/\\\/www.fredericlecloux.com\\\/en\\\/\"]}]},{\"@type\":\"ImageObject\",\"inLanguage\":\"en-US\",\"@id\":\"https:\\\/\\\/www.fredericlecloux.com\\\/en\\\/#primaryimage\",\"url\":\"https:\\\/\\\/www.fredericlecloux.com\\\/wpfl\\\/wp-content\\\/uploads\\\/2018\\\/06\\\/dolpobox_116.jpg\",\"contentUrl\":\"https:\\\/\\\/www.fredericlecloux.com\\\/wpfl\\\/wp-content\\\/uploads\\\/2018\\\/06\\\/dolpobox_116.jpg\",\"width\":2000,\"height\":1333,\"caption\":\"Kathmandu, Nepal, 1994\"},{\"@type\":\"BreadcrumbList\",\"@id\":\"https:\\\/\\\/www.fredericlecloux.com\\\/en\\\/#breadcrumb\",\"itemListElement\":[{\"@type\":\"ListItem\",\"position\":1,\"name\":\"Accueil\",\"item\":\"https:\\\/\\\/www.fredericlecloux.com\\\/en\\\/\"},{\"@type\":\"ListItem\",\"position\":2,\"name\":\"Fr\u00e9d\u00e9ric Lecloux\"}]},{\"@type\":\"WebSite\",\"@id\":\"https:\\\/\\\/www.fredericlecloux.com\\\/#website\",\"url\":\"https:\\\/\\\/www.fredericlecloux.com\\\/\",\"name\":\"Fr\u00e9d\u00e9ric Lecloux\",\"description\":\"Photographer\",\"publisher\":{\"@id\":\"https:\\\/\\\/www.fredericlecloux.com\\\/#\\\/schema\\\/person\\\/28b8bff60a0a09d3f95842a1cab1ca01\"},\"potentialAction\":[{\"@type\":\"SearchAction\",\"target\":{\"@type\":\"EntryPoint\",\"urlTemplate\":\"https:\\\/\\\/www.fredericlecloux.com\\\/?s={search_term_string}\"},\"query-input\":{\"@type\":\"PropertyValueSpecification\",\"valueRequired\":true,\"valueName\":\"search_term_string\"}}],\"inLanguage\":\"en-US\"},{\"@type\":[\"Person\",\"Organization\"],\"@id\":\"https:\\\/\\\/www.fredericlecloux.com\\\/#\\\/schema\\\/person\\\/28b8bff60a0a09d3f95842a1cab1ca01\",\"name\":\"Fr\u00e9d\u00e9ric Lecloux\",\"logo\":{\"@id\":\"https:\\\/\\\/www.fredericlecloux.com\\\/#\\\/schema\\\/person\\\/image\\\/\"}}]}<\/script>\n<!-- \/ Yoast SEO plugin. -->","yoast_head_json":{"title":"Fr\u00e9d\u00e9ric Lecloux - photographer and author of texts about photography","description":"\ufeff\ufeffThe website and the blog of Fr\u00e9d\u00e9ric Lecloux, photographer at VU' Agency, and the author of \"L'Usure du Monde\" and \"Nepal. Epiphanies of the Everyday\".","robots":{"index":"index","follow":"follow","max-snippet":"max-snippet:-1","max-image-preview":"max-image-preview:large","max-video-preview":"max-video-preview:-1"},"canonical":"https:\/\/www.fredericlecloux.com\/en\/","twitter_misc":{"Est. reading time":"2 minutes"},"schema":{"@context":"https:\/\/schema.org","@graph":[{"@type":"WebPage","@id":"https:\/\/www.fredericlecloux.com\/en\/","url":"https:\/\/www.fredericlecloux.com\/en\/","name":"Fr\u00e9d\u00e9ric Lecloux - photographer and author of texts about photography","isPartOf":{"@id":"https:\/\/www.fredericlecloux.com\/#website"},"primaryImageOfPage":{"@id":"https:\/\/www.fredericlecloux.com\/en\/#primaryimage"},"image":{"@id":"https:\/\/www.fredericlecloux.com\/en\/#primaryimage"},"thumbnailUrl":"https:\/\/www.fredericlecloux.com\/wpfl\/wp-content\/uploads\/2018\/06\/dolpobox_116.jpg","datePublished":"2015-07-14T12:44:54+00:00","dateModified":"2020-05-12T07:50:57+00:00","description":"\ufeff\ufeffThe website and the blog of Fr\u00e9d\u00e9ric Lecloux, photographer at VU' Agency, and the author of \"L'Usure du Monde\" and \"Nepal. Epiphanies of the Everyday\".","breadcrumb":{"@id":"https:\/\/www.fredericlecloux.com\/en\/#breadcrumb"},"inLanguage":"en-US","potentialAction":[{"@type":"ReadAction","target":["https:\/\/www.fredericlecloux.com\/en\/"]}]},{"@type":"ImageObject","inLanguage":"en-US","@id":"https:\/\/www.fredericlecloux.com\/en\/#primaryimage","url":"https:\/\/www.fredericlecloux.com\/wpfl\/wp-content\/uploads\/2018\/06\/dolpobox_116.jpg","contentUrl":"https:\/\/www.fredericlecloux.com\/wpfl\/wp-content\/uploads\/2018\/06\/dolpobox_116.jpg","width":2000,"height":1333,"caption":"Kathmandu, Nepal, 1994"},{"@type":"BreadcrumbList","@id":"https:\/\/www.fredericlecloux.com\/en\/#breadcrumb","itemListElement":[{"@type":"ListItem","position":1,"name":"Accueil","item":"https:\/\/www.fredericlecloux.com\/en\/"},{"@type":"ListItem","position":2,"name":"Fr\u00e9d\u00e9ric Lecloux"}]},{"@type":"WebSite","@id":"https:\/\/www.fredericlecloux.com\/#website","url":"https:\/\/www.fredericlecloux.com\/","name":"Fr\u00e9d\u00e9ric Lecloux","description":"Photographer","publisher":{"@id":"https:\/\/www.fredericlecloux.com\/#\/schema\/person\/28b8bff60a0a09d3f95842a1cab1ca01"},"potentialAction":[{"@type":"SearchAction","target":{"@type":"EntryPoint","urlTemplate":"https:\/\/www.fredericlecloux.com\/?s={search_term_string}"},"query-input":{"@type":"PropertyValueSpecification","valueRequired":true,"valueName":"search_term_string"}}],"inLanguage":"en-US"},{"@type":["Person","Organization"],"@id":"https:\/\/www.fredericlecloux.com\/#\/schema\/person\/28b8bff60a0a09d3f95842a1cab1ca01","name":"Fr\u00e9d\u00e9ric Lecloux","logo":{"@id":"https:\/\/www.fredericlecloux.com\/#\/schema\/person\/image\/"}}]}},"_links":{"self":[{"href":"https:\/\/www.fredericlecloux.com\/en\/wp-json\/wp\/v2\/pages\/88","targetHints":{"allow":["GET"]}}],"collection":[{"href":"https:\/\/www.fredericlecloux.com\/en\/wp-json\/wp\/v2\/pages"}],"about":[{"href":"https:\/\/www.fredericlecloux.com\/en\/wp-json\/wp\/v2\/types\/page"}],"author":[{"embeddable":true,"href":"https:\/\/www.fredericlecloux.com\/en\/wp-json\/wp\/v2\/users\/1"}],"replies":[{"embeddable":true,"href":"https:\/\/www.fredericlecloux.com\/en\/wp-json\/wp\/v2\/comments?post=88"}],"version-history":[{"count":0,"href":"https:\/\/www.fredericlecloux.com\/en\/wp-json\/wp\/v2\/pages\/88\/revisions"}],"wp:featuredmedia":[{"embeddable":true,"href":"https:\/\/www.fredericlecloux.com\/en\/wp-json\/wp\/v2\/media\/5869"}],"wp:attachment":[{"href":"https:\/\/www.fredericlecloux.com\/en\/wp-json\/wp\/v2\/media?parent=88"}],"curies":[{"name":"wp","href":"https:\/\/api.w.org\/{rel}","templated":true}]}}

Frédéric Lecloux

<h4>Frédéric Lecloux</h4>
<p>Born in 1972 in Brussels, Belgium.<br />
Resides in Nyons, Drôme, France. Autodidact.<br />
Graduated with honours from the <a href="http://www.ensp-arles.fr/" target="_blank" rel="noopener noreferrer">École Nationale Supérieure de la Photographie</a> in Arles (June 2016).<br />
A workshop teacher at the <a href="http://rencontres-arles.com/" target="_blank" rel="noopener noreferrer">Rencontres d&#8217;Arles</a> (2010-2014), at <a href="http://www.photocircle.com.np" target="_blank" rel="noopener noreferrer">Photo.circle</a> in Kathmandu and at the Maison du Geste et de l&#8217;Image in Paris (2012-2013).<br />
Artist in residence at the University of Nottingham (Leverhulme Trust Artist in Residence Grant, 2017).<br />
Involved from the very beginning into the e-ku project.<br />
Frédéric Lecloux&#8217;s work is distributed by <a href="http://www.agencevu.com/photographers/photographer.php?id=169" target="_blank" rel="noopener noreferrer">VU&#8217; agency</a> and published by <a href="http://www.becair.com/auteur/frederic-lecloux/" target="_blank" rel="noopener noreferrer">Le Bec en l&#8217;air</a>.</p>
<h4><span class="normalen">Statement</span></h4>
<p>A photograph. Not just an interesting scene, to be frozen onto a surface: a photograph. One of the images that exist in me, though I don&#8217;t know where, or with what features, to the point where I get a vibration in the real, and the framing scintillates so that the image takes on flesh and matches up with its internal trace, still latent a second earlier.</p>
<p>Except that ordinarily the realness stops vibrating well before I act. Faced with what could become a photograph, I need time. To observe necessity intensifying. To understand. To doubt. To let the image get infused with the knowing. Not to accept it being infused only with a flash of vision. The flash is essential, but I can&#8217;t turn it into a photograph other than by postponing the gesture of execution until life reveals the kind of flash it actually is. It&#8217;s often a fake; in which case, best do nothing. The innocent photographer? That&#8217;s not me. I&#8217;d like it to be the case, but it&#8217;s not. After all that, if I&#8217;m not dissolved in the confrontation, well then yes, I&#8217;ll take the photograph.</p>
<p>What follows is a time of patience, worry, excitement, uncertainty as to whether the camera saw the same thing as me. Not to mention the randomness of chemistry. But I gradually slip into insouciance, and soon stop thinking about it. Then one day the film comes back from the lab in the post. I spread it out on the light table. Among the images that say just what they say, I seek a familiar form. An irradiation. When I find it, I&#8217;m raised up again, with a flash still more decisive than at the moment of pressing the shutter, by a vibration, a trace, a framing of the real, previously recognised, now sanctioned by a sprinkling of silver salts on nine square centimetres of polyester.</p>
<p>A photograph. I see it as an organ transplant. And I immediately recompose myself. Without even having had time to feel the wound, I&#8217;m healing myself. Less infirm now.</p>
<p><a href="https://www.fredericlecloux.com/en/biography/">https://www.fredericlecloux.com/en/biography/</a></p>

<p>Frédéric Lecloux Born in 1972 in Brussels, Belgium. Resides in Nyons, Drôme, France. Autodidact. Graduated with honours from the École Nationale Supérieure de la Photographie in Arles (June 2016). A workshop teacher at the Rencontres d&#8217;Arles (2010-2014), at Photo.circle in Kathmandu and at the Maison du Geste et de l&#8217;Image in Paris (2012-2013). Artist in residence at the University of Nottingham (Leverhulme Trust Artist in Residence Grant, 2017). Involved from the very beginning into the e-ku project. Frédéric Lecloux&#8217;s work is distributed by VU&#8217; agency and published by Le Bec en l&#8217;air. Statement A photograph. Not just an interesting scene, to [&hellip;]</p>

<!-- This site is optimized with the Yoast SEO plugin v27.4 - https://yoast.com/product/yoast-seo-wordpress/ -->
<title>Frédéric Lecloux - photographer and author of texts about photography</title>
<meta name="description" content="﻿﻿The website and the blog of Frédéric Lecloux, photographer at VU&#039; Agency, and the author of &quot;L&#039;Usure du Monde&quot; and &quot;Nepal. Epiphanies of the Everyday&quot;." />
<meta name="robots" content="index, follow, max-snippet:-1, max-image-preview:large, max-video-preview:-1" />
<link rel="canonical" href="https://www.fredericlecloux.com/en/" />
<meta name="twitter:label1" content="Est. reading time" />
	<meta name="twitter:data1" content="2 minutes" />
<script type="application/ld+json" class="yoast-schema-graph">{"@context":"https:\/\/schema.org","@graph":[{"@type":"WebPage","@id":"https:\/\/www.fredericlecloux.com\/en\/","url":"https:\/\/www.fredericlecloux.com\/en\/","name":"Frédéric Lecloux - photographer and author of texts about photography","isPartOf":{"@id":"https:\/\/www.fredericlecloux.com\/#website"},"primaryImageOfPage":{"@id":"https:\/\/www.fredericlecloux.com\/en\/#primaryimage"},"image":{"@id":"https:\/\/www.fredericlecloux.com\/en\/#primaryimage"},"thumbnailUrl":"https:\/\/www.fredericlecloux.com\/wpfl\/wp-content\/uploads\/2018\/06\/dolpobox_116.jpg","datePublished":"2015-07-14T12:44:54+00:00","dateModified":"2020-05-12T07:50:57+00:00","description":"﻿﻿The website and the blog of Frédéric Lecloux, photographer at VU' Agency, and the author of \"L'Usure du Monde\" and \"Nepal. Epiphanies of the Everyday\".","breadcrumb":{"@id":"https:\/\/www.fredericlecloux.com\/en\/#breadcrumb"},"inLanguage":"en-US","potentialAction":[{"@type":"ReadAction","target":["https:\/\/www.fredericlecloux.com\/en\/"]}]},{"@type":"ImageObject","inLanguage":"en-US","@id":"https:\/\/www.fredericlecloux.com\/en\/#primaryimage","url":"https:\/\/www.fredericlecloux.com\/wpfl\/wp-content\/uploads\/2018\/06\/dolpobox_116.jpg","contentUrl":"https:\/\/www.fredericlecloux.com\/wpfl\/wp-content\/uploads\/2018\/06\/dolpobox_116.jpg","width":2000,"height":1333,"caption":"Kathmandu, Nepal, 1994"},{"@type":"BreadcrumbList","@id":"https:\/\/www.fredericlecloux.com\/en\/#breadcrumb","itemListElement":[{"@type":"ListItem","position":1,"name":"Accueil","item":"https:\/\/www.fredericlecloux.com\/en\/"},{"@type":"ListItem","position":2,"name":"Frédéric Lecloux"}]},{"@type":"WebSite","@id":"https:\/\/www.fredericlecloux.com\/#website","url":"https:\/\/www.fredericlecloux.com\/","name":"Frédéric Lecloux","description":"Photographer","publisher":{"@id":"https:\/\/www.fredericlecloux.com\/#\/schema\/person\/28b8bff60a0a09d3f95842a1cab1ca01"},"potentialAction":[{"@type":"SearchAction","target":{"@type":"EntryPoint","urlTemplate":"https:\/\/www.fredericlecloux.com\/?s={search_term_string}"},"query-input":{"@type":"PropertyValueSpecification","valueRequired":true,"valueName":"search_term_string"}}],"inLanguage":"en-US"},{"@type":["Person","Organization"],"@id":"https:\/\/www.fredericlecloux.com\/#\/schema\/person\/28b8bff60a0a09d3f95842a1cab1ca01","name":"Frédéric Lecloux","logo":{"@id":"https:\/\/www.fredericlecloux.com\/#\/schema\/person\/image\/"}}]}</script>
<!-- / Yoast SEO plugin. -->

Frédéric Lecloux - photographer and author of texts about photography

﻿﻿The website and the blog of Frédéric Lecloux, photographer at VU' Agency, and the author of "L'Usure du Monde" and "Nepal. Epiphanies of the Everyday".
