{"id":5087,"date":"2017-10-01T22:03:18","date_gmt":"2017-10-01T21:03:18","guid":{"rendered":"http:\/\/www.fredericlecloux.com\/en\/?page_id=5087"},"modified":"2022-01-12T18:13:36","modified_gmt":"2022-01-12T17:13:36","slug":"bonne-annee-book","status":"publish","type":"page","link":"https:\/\/www.fredericlecloux.com\/en\/bonne-annee-book\/","title":{"rendered":"Bonne ann\u00e9e"},"content":{"rendered":"<p><a title=\"Back to the books\" href=\"..\/gallery\/books\/\"><i class=\"pixcode  pixcode--icon  icon-e-book      \"><\/i><\/a><\/p>\n<p>The friendship between some famous XXth century French photographers told throught their greetings cards.<\/p>\n<p><em>A text commissioned by Le Bec en l&#8217;air.<\/em><\/p>\n<hr class=\"pixcode  pixcode--separator  separator separator--dotted\"\/>\n<div class=\"pixcode  pixcode--row  row  \">\n\n<div class=\"col-12  hand-span-6 \">\n\n<h5>Le Bec en l&#8217;air publisher, 2017<\/h5>\n<p>16,5 x 22 cm<br \/>\nISBN 978-2-36744-115-3<br \/>\n120 pages<br \/>\nHardback<br \/>\n60 black and white photographs<br \/>\nPhotographs : Jean Dieuzaide, Robert Doisneau, Izis, Willy Ronis, \u00c9douard Boubat, Denis Brihat, Jean-Pierre Sudre<br \/>\nText : Fr\u00e9d\u00e9ric Lecloux<br \/>\nLanguage: French<\/p>\n<a class=\"pixcode  pixcode--btn  btn\" href=\"https:\/\/www.becair.com\/livre\/bonne-annee\/\" target=\"_blank\">Buy<\/a>\n\n<\/div>\n\n<div class=\"col-12  hand-span-6 \">\n\n<p><a href=\"https:\/\/www.fredericlecloux.com\/wpfl\/wp-content\/uploads\/2017\/10\/bona-couv.jpg\"><img loading=\"lazy\" decoding=\"async\" class=\"alignnone wp-image-5082 size-medium\" src=\"https:\/\/www.fredericlecloux.com\/wpfl\/wp-content\/uploads\/2017\/10\/bona-couv-226x300.jpg\" alt=\"Couverture du livre Bonne ann\u00e9e\" width=\"226\" height=\"300\" srcset=\"https:\/\/www.fredericlecloux.com\/wpfl\/wp-content\/uploads\/2017\/10\/bona-couv-226x300.jpg 226w, https:\/\/www.fredericlecloux.com\/wpfl\/wp-content\/uploads\/2017\/10\/bona-couv.jpg 452w\" sizes=\"auto, (max-width: 226px) 100vw, 226px\" \/><\/a><\/p>\n\n<\/div>\n\n\n<\/div>\n\n<p>&nbsp;<\/p>\n<hr class=\"pixcode  pixcode--separator  separator separator--striped\"\/>\n","protected":false},"excerpt":{"rendered":"<p>The friendship between some famous XXth century French photographers told throught their greetings cards. A text commissioned by Le Bec en l&#8217;air. &nbsp;<\/p>\n","protected":false},"author":1,"featured_media":0,"parent":0,"menu_order":0,"comment_status":"closed","ping_status":"closed","template":"","meta":{"footnotes":""},"class_list":["post-5087","page","type-page","status-publish","hentry"],"yoast_head":"<!-- This site is optimized with the Yoast SEO plugin v27.4 - https:\/\/yoast.com\/product\/yoast-seo-wordpress\/ -->\n<title>Bonne ann\u00e9e - Fr\u00e9d\u00e9ric Lecloux<\/title>\n<meta name=\"description\" content=\"Bonne ann\u00e9e - Fr\u00e9d\u00e9ric Lecloux\" \/>\n<meta name=\"robots\" content=\"index, follow, max-snippet:-1, max-image-preview:large, max-video-preview:-1\" \/>\n<link rel=\"canonical\" href=\"https:\/\/www.fredericlecloux.com\/en\/bonne-annee-book\/\" \/>\n<script type=\"application\/ld+json\" class=\"yoast-schema-graph\">{\"@context\":\"https:\\\/\\\/schema.org\",\"@graph\":[{\"@type\":\"WebPage\",\"@id\":\"https:\\\/\\\/www.fredericlecloux.com\\\/en\\\/bonne-annee-book\\\/\",\"url\":\"https:\\\/\\\/www.fredericlecloux.com\\\/en\\\/bonne-annee-book\\\/\",\"name\":\"Bonne ann\u00e9e - Fr\u00e9d\u00e9ric Lecloux\",\"isPartOf\":{\"@id\":\"https:\\\/\\\/www.fredericlecloux.com\\\/#website\"},\"primaryImageOfPage\":{\"@id\":\"https:\\\/\\\/www.fredericlecloux.com\\\/en\\\/bonne-annee-book\\\/#primaryimage\"},\"image\":{\"@id\":\"https:\\\/\\\/www.fredericlecloux.com\\\/en\\\/bonne-annee-book\\\/#primaryimage\"},\"thumbnailUrl\":\"https:\\\/\\\/www.fredericlecloux.com\\\/wpfl\\\/wp-content\\\/uploads\\\/2017\\\/10\\\/bona-couv-226x300.jpg\",\"datePublished\":\"2017-10-01T21:03:18+00:00\",\"dateModified\":\"2022-01-12T17:13:36+00:00\",\"description\":\"Bonne ann\u00e9e - Fr\u00e9d\u00e9ric Lecloux\",\"breadcrumb\":{\"@id\":\"https:\\\/\\\/www.fredericlecloux.com\\\/en\\\/bonne-annee-book\\\/#breadcrumb\"},\"inLanguage\":\"en-US\",\"potentialAction\":[{\"@type\":\"ReadAction\",\"target\":[\"https:\\\/\\\/www.fredericlecloux.com\\\/en\\\/bonne-annee-book\\\/\"]}]},{\"@type\":\"ImageObject\",\"inLanguage\":\"en-US\",\"@id\":\"https:\\\/\\\/www.fredericlecloux.com\\\/en\\\/bonne-annee-book\\\/#primaryimage\",\"url\":\"https:\\\/\\\/www.fredericlecloux.com\\\/wpfl\\\/wp-content\\\/uploads\\\/2017\\\/10\\\/bona-couv-226x300.jpg\",\"contentUrl\":\"https:\\\/\\\/www.fredericlecloux.com\\\/wpfl\\\/wp-content\\\/uploads\\\/2017\\\/10\\\/bona-couv-226x300.jpg\"},{\"@type\":\"BreadcrumbList\",\"@id\":\"https:\\\/\\\/www.fredericlecloux.com\\\/en\\\/bonne-annee-book\\\/#breadcrumb\",\"itemListElement\":[{\"@type\":\"ListItem\",\"position\":1,\"name\":\"Accueil\",\"item\":\"https:\\\/\\\/www.fredericlecloux.com\\\/en\\\/\"},{\"@type\":\"ListItem\",\"position\":2,\"name\":\"Bonne ann\u00e9e\"}]},{\"@type\":\"WebSite\",\"@id\":\"https:\\\/\\\/www.fredericlecloux.com\\\/#website\",\"url\":\"https:\\\/\\\/www.fredericlecloux.com\\\/\",\"name\":\"Fr\u00e9d\u00e9ric Lecloux\",\"description\":\"Photographer\",\"publisher\":{\"@id\":\"https:\\\/\\\/www.fredericlecloux.com\\\/#\\\/schema\\\/person\\\/28b8bff60a0a09d3f95842a1cab1ca01\"},\"potentialAction\":[{\"@type\":\"SearchAction\",\"target\":{\"@type\":\"EntryPoint\",\"urlTemplate\":\"https:\\\/\\\/www.fredericlecloux.com\\\/?s={search_term_string}\"},\"query-input\":{\"@type\":\"PropertyValueSpecification\",\"valueRequired\":true,\"valueName\":\"search_term_string\"}}],\"inLanguage\":\"en-US\"},{\"@type\":[\"Person\",\"Organization\"],\"@id\":\"https:\\\/\\\/www.fredericlecloux.com\\\/#\\\/schema\\\/person\\\/28b8bff60a0a09d3f95842a1cab1ca01\",\"name\":\"Fr\u00e9d\u00e9ric Lecloux\",\"logo\":{\"@id\":\"https:\\\/\\\/www.fredericlecloux.com\\\/#\\\/schema\\\/person\\\/image\\\/\"}}]}<\/script>\n<!-- \/ Yoast SEO plugin. -->","yoast_head_json":{"title":"Bonne ann\u00e9e - Fr\u00e9d\u00e9ric Lecloux","description":"Bonne ann\u00e9e - Fr\u00e9d\u00e9ric Lecloux","robots":{"index":"index","follow":"follow","max-snippet":"max-snippet:-1","max-image-preview":"max-image-preview:large","max-video-preview":"max-video-preview:-1"},"canonical":"https:\/\/www.fredericlecloux.com\/en\/bonne-annee-book\/","schema":{"@context":"https:\/\/schema.org","@graph":[{"@type":"WebPage","@id":"https:\/\/www.fredericlecloux.com\/en\/bonne-annee-book\/","url":"https:\/\/www.fredericlecloux.com\/en\/bonne-annee-book\/","name":"Bonne ann\u00e9e - Fr\u00e9d\u00e9ric Lecloux","isPartOf":{"@id":"https:\/\/www.fredericlecloux.com\/#website"},"primaryImageOfPage":{"@id":"https:\/\/www.fredericlecloux.com\/en\/bonne-annee-book\/#primaryimage"},"image":{"@id":"https:\/\/www.fredericlecloux.com\/en\/bonne-annee-book\/#primaryimage"},"thumbnailUrl":"https:\/\/www.fredericlecloux.com\/wpfl\/wp-content\/uploads\/2017\/10\/bona-couv-226x300.jpg","datePublished":"2017-10-01T21:03:18+00:00","dateModified":"2022-01-12T17:13:36+00:00","description":"Bonne ann\u00e9e - Fr\u00e9d\u00e9ric Lecloux","breadcrumb":{"@id":"https:\/\/www.fredericlecloux.com\/en\/bonne-annee-book\/#breadcrumb"},"inLanguage":"en-US","potentialAction":[{"@type":"ReadAction","target":["https:\/\/www.fredericlecloux.com\/en\/bonne-annee-book\/"]}]},{"@type":"ImageObject","inLanguage":"en-US","@id":"https:\/\/www.fredericlecloux.com\/en\/bonne-annee-book\/#primaryimage","url":"https:\/\/www.fredericlecloux.com\/wpfl\/wp-content\/uploads\/2017\/10\/bona-couv-226x300.jpg","contentUrl":"https:\/\/www.fredericlecloux.com\/wpfl\/wp-content\/uploads\/2017\/10\/bona-couv-226x300.jpg"},{"@type":"BreadcrumbList","@id":"https:\/\/www.fredericlecloux.com\/en\/bonne-annee-book\/#breadcrumb","itemListElement":[{"@type":"ListItem","position":1,"name":"Accueil","item":"https:\/\/www.fredericlecloux.com\/en\/"},{"@type":"ListItem","position":2,"name":"Bonne ann\u00e9e"}]},{"@type":"WebSite","@id":"https:\/\/www.fredericlecloux.com\/#website","url":"https:\/\/www.fredericlecloux.com\/","name":"Fr\u00e9d\u00e9ric Lecloux","description":"Photographer","publisher":{"@id":"https:\/\/www.fredericlecloux.com\/#\/schema\/person\/28b8bff60a0a09d3f95842a1cab1ca01"},"potentialAction":[{"@type":"SearchAction","target":{"@type":"EntryPoint","urlTemplate":"https:\/\/www.fredericlecloux.com\/?s={search_term_string}"},"query-input":{"@type":"PropertyValueSpecification","valueRequired":true,"valueName":"search_term_string"}}],"inLanguage":"en-US"},{"@type":["Person","Organization"],"@id":"https:\/\/www.fredericlecloux.com\/#\/schema\/person\/28b8bff60a0a09d3f95842a1cab1ca01","name":"Fr\u00e9d\u00e9ric Lecloux","logo":{"@id":"https:\/\/www.fredericlecloux.com\/#\/schema\/person\/image\/"}}]}},"_links":{"self":[{"href":"https:\/\/www.fredericlecloux.com\/en\/wp-json\/wp\/v2\/pages\/5087","targetHints":{"allow":["GET"]}}],"collection":[{"href":"https:\/\/www.fredericlecloux.com\/en\/wp-json\/wp\/v2\/pages"}],"about":[{"href":"https:\/\/www.fredericlecloux.com\/en\/wp-json\/wp\/v2\/types\/page"}],"author":[{"embeddable":true,"href":"https:\/\/www.fredericlecloux.com\/en\/wp-json\/wp\/v2\/users\/1"}],"replies":[{"embeddable":true,"href":"https:\/\/www.fredericlecloux.com\/en\/wp-json\/wp\/v2\/comments?post=5087"}],"version-history":[{"count":0,"href":"https:\/\/www.fredericlecloux.com\/en\/wp-json\/wp\/v2\/pages\/5087\/revisions"}],"wp:attachment":[{"href":"https:\/\/www.fredericlecloux.com\/en\/wp-json\/wp\/v2\/media?parent=5087"}],"curies":[{"name":"wp","href":"https:\/\/api.w.org\/{rel}","templated":true}]}}

Bonne année

<p><a title="Back to the books" href="../gallery/books/"><i class="pixcode  pixcode--icon  icon-e-book      "></i></a></p>
<p>The friendship between some famous XXth century French photographers told throught their greetings cards.</p>
<p><em>A text commissioned by Le Bec en l&#8217;air.</em></p>
<hr class="pixcode  pixcode--separator  separator separator--dotted"/>
<div class="pixcode  pixcode--row  row  ">

<div class="col-12  hand-span-6 ">

<h5>Le Bec en l&#8217;air publisher, 2017</h5>
<p>16,5 x 22 cm<br />
ISBN 978-2-36744-115-3<br />
120 pages<br />
Hardback<br />
60 black and white photographs<br />
Photographs : Jean Dieuzaide, Robert Doisneau, Izis, Willy Ronis, Édouard Boubat, Denis Brihat, Jean-Pierre Sudre<br />
Text : Frédéric Lecloux<br />
Language: French</p>
<a class="pixcode  pixcode--btn  btn" href="https://www.becair.com/livre/bonne-annee/" target="_blank">Buy</a>

</div>

<div class="col-12  hand-span-6 ">

<p><a href="https://www.fredericlecloux.com/wpfl/wp-content/uploads/2017/10/bona-couv.jpg"><img loading="lazy" decoding="async" class="alignnone wp-image-5082 size-medium" src="https://www.fredericlecloux.com/wpfl/wp-content/uploads/2017/10/bona-couv-226x300.jpg" alt="Couverture du livre Bonne année" width="226" height="300" srcset="https://www.fredericlecloux.com/wpfl/wp-content/uploads/2017/10/bona-couv-226x300.jpg 226w, https://www.fredericlecloux.com/wpfl/wp-content/uploads/2017/10/bona-couv.jpg 452w" sizes="auto, (max-width: 226px) 100vw, 226px" /></a></p>

</div>


</div>

<p>&nbsp;</p>
<hr class="pixcode  pixcode--separator  separator separator--striped"/>

<!-- This site is optimized with the Yoast SEO plugin v27.4 - https://yoast.com/product/yoast-seo-wordpress/ -->
<title>Bonne année - Frédéric Lecloux</title>
<meta name="description" content="Bonne année - Frédéric Lecloux" />
<meta name="robots" content="index, follow, max-snippet:-1, max-image-preview:large, max-video-preview:-1" />
<link rel="canonical" href="https://www.fredericlecloux.com/en/bonne-annee-book/" />
<script type="application/ld+json" class="yoast-schema-graph">{"@context":"https:\/\/schema.org","@graph":[{"@type":"WebPage","@id":"https:\/\/www.fredericlecloux.com\/en\/bonne-annee-book\/","url":"https:\/\/www.fredericlecloux.com\/en\/bonne-annee-book\/","name":"Bonne année - Frédéric Lecloux","isPartOf":{"@id":"https:\/\/www.fredericlecloux.com\/#website"},"primaryImageOfPage":{"@id":"https:\/\/www.fredericlecloux.com\/en\/bonne-annee-book\/#primaryimage"},"image":{"@id":"https:\/\/www.fredericlecloux.com\/en\/bonne-annee-book\/#primaryimage"},"thumbnailUrl":"https:\/\/www.fredericlecloux.com\/wpfl\/wp-content\/uploads\/2017\/10\/bona-couv-226x300.jpg","datePublished":"2017-10-01T21:03:18+00:00","dateModified":"2022-01-12T17:13:36+00:00","description":"Bonne année - Frédéric Lecloux","breadcrumb":{"@id":"https:\/\/www.fredericlecloux.com\/en\/bonne-annee-book\/#breadcrumb"},"inLanguage":"en-US","potentialAction":[{"@type":"ReadAction","target":["https:\/\/www.fredericlecloux.com\/en\/bonne-annee-book\/"]}]},{"@type":"ImageObject","inLanguage":"en-US","@id":"https:\/\/www.fredericlecloux.com\/en\/bonne-annee-book\/#primaryimage","url":"https:\/\/www.fredericlecloux.com\/wpfl\/wp-content\/uploads\/2017\/10\/bona-couv-226x300.jpg","contentUrl":"https:\/\/www.fredericlecloux.com\/wpfl\/wp-content\/uploads\/2017\/10\/bona-couv-226x300.jpg"},{"@type":"BreadcrumbList","@id":"https:\/\/www.fredericlecloux.com\/en\/bonne-annee-book\/#breadcrumb","itemListElement":[{"@type":"ListItem","position":1,"name":"Accueil","item":"https:\/\/www.fredericlecloux.com\/en\/"},{"@type":"ListItem","position":2,"name":"Bonne année"}]},{"@type":"WebSite","@id":"https:\/\/www.fredericlecloux.com\/#website","url":"https:\/\/www.fredericlecloux.com\/","name":"Frédéric Lecloux","description":"Photographer","publisher":{"@id":"https:\/\/www.fredericlecloux.com\/#\/schema\/person\/28b8bff60a0a09d3f95842a1cab1ca01"},"potentialAction":[{"@type":"SearchAction","target":{"@type":"EntryPoint","urlTemplate":"https:\/\/www.fredericlecloux.com\/?s={search_term_string}"},"query-input":{"@type":"PropertyValueSpecification","valueRequired":true,"valueName":"search_term_string"}}],"inLanguage":"en-US"},{"@type":["Person","Organization"],"@id":"https:\/\/www.fredericlecloux.com\/#\/schema\/person\/28b8bff60a0a09d3f95842a1cab1ca01","name":"Frédéric Lecloux","logo":{"@id":"https:\/\/www.fredericlecloux.com\/#\/schema\/person\/image\/"}}]}</script>
<!-- / Yoast SEO plugin. -->

Bonne année - Frédéric Lecloux

Frédéric Lecloux
